{"id":1182,"date":"2023-08-08T21:05:44","date_gmt":"2023-08-08T19:05:44","guid":{"rendered":"https:\/\/www.serhatilleri.de\/?post_type=veranstaltungen&#038;p=1182"},"modified":"2023-08-08T21:09:44","modified_gmt":"2023-08-08T19:09:44","slug":"yazsenligi","status":"publish","type":"veranstaltungen","link":"https:\/\/www.serhatilleri.de\/de\/veranstaltungen\/yazsenligi\/","title":{"rendered":"Yaz \u015eenli\u011fi"},"content":{"rendered":"<p><strong>Sayg\u0131de\u011fer \u00fcyelerimiz,<\/strong><strong><\/strong><\/p>\n\n\n\n<p><strong><\/strong><strong>03.09.2023 de saat 14:00 den itibaren Neum\u00fcnster de \u00fcyelerimiz ve davetlilerimiz ile bir yaz \u015fenli\u011finde bulu\u015fuyoruz. Sizleri ve ailelerinizi aram\u0131zda g\u00f6rmekten mutluluk duyar\u0131z.<\/strong><\/p>\n\n\n\n<p><strong><\/strong><strong>Yaz \u015fenli\u011fimiz sadece \u00fcyelerimiz i\u00e7indir ve tamamen \u00fccretsizdir.<\/strong><strong><\/strong><\/p>\n\n\n\n<p><strong><\/strong><strong>Y\u00f6netim olarak \u00e7a\u011f kebab\u0131, \u0131zgara \u00e7e\u015fitleri ve i\u00e7ecekleri sizlere ikram ediyoruz. Yaz \u015fenli\u011fimiz bir piknik havas\u0131nda ge\u00e7ece\u011fi i\u00e7in salata \u00e7e\u015fitleri, b\u00f6rek, kete, Kars, I\u011fd\u0131r ve Ardahan&#8217;\u0131n geleneksel lezetlerinden getirirseniz memnun oluruz.<\/strong><\/p>\n\n\n\n<p><strong><\/strong><strong>\u015eenli\u011fimiz de k\u00fc\u00e7\u00fcklerin ve b\u00fcy\u00fcklerin sevdi\u011fi e\u011flenceli oyunlar, t\u00fcrk\u00fcler ve halaylar olucakt\u0131r. Hep beraber kocaman bir aile olarak bu \u015fenlikte<\/strong><strong> <\/strong><strong>bulu\u015fmak \u00fczere.<\/strong><\/p>\n\n\n\n<p><strong><\/strong><strong>Sayg\u0131lar\u0131m\u0131zla<\/strong><\/p>\n\n\n\n<p><strong><\/strong><strong>Serhat \u0130lleri Y\u00f6netim Kurulu<\/strong><\/p>\n\n\n\n<p><\/p>","protected":false},"template":"","class_list":["post-1182","veranstaltungen","type-veranstaltungen","status-publish","hentry"],"aioseo_notices":[],"_links":{"self":[{"href":"https:\/\/www.serhatilleri.de\/de\/wp-json\/wp\/v2\/veranstaltungen\/1182","targetHints":{"allow":["GET"]}}],"collection":[{"href":"https:\/\/www.serhatilleri.de\/de\/wp-json\/wp\/v2\/veranstaltungen"}],"about":[{"href":"https:\/\/www.serhatilleri.de\/de\/wp-json\/wp\/v2\/types\/veranstaltungen"}],"wp:attachment":[{"href":"https:\/\/www.serhatilleri.de\/de\/wp-json\/wp\/v2\/media?parent=1182"}],"curies":[{"name":"wp","href":"https:\/\/api.w.org\/{rel}","templated":true}]}}

Yaz Şenliği

<p><strong>Saygıdeğer üyelerimiz,</strong><strong></strong></p>



<p><strong></strong><strong>03.09.2023 de saat 14:00 den itibaren Neumünster de üyelerimiz ve davetlilerimiz ile bir yaz şenliğinde buluşuyoruz. Sizleri ve ailelerinizi aramızda görmekten mutluluk duyarız.</strong></p>



<p><strong></strong><strong>Yaz şenliğimiz sadece üyelerimiz içindir ve tamamen ücretsizdir.</strong><strong></strong></p>



<p><strong></strong><strong>Yönetim olarak çağ kebabı, ızgara çeşitleri ve içecekleri sizlere ikram ediyoruz. Yaz şenliğimiz bir piknik havasında geçeceği için salata çeşitleri, börek, kete, Kars, Iğdır ve Ardahan&#8217;ın geleneksel lezetlerinden getirirseniz memnun oluruz.</strong></p>



<p><strong></strong><strong>Şenliğimiz de küçüklerin ve büyüklerin sevdiği eğlenceli oyunlar, türküler ve halaylar olucaktır. Hep beraber kocaman bir aile olarak bu şenlikte</strong><strong> </strong><strong>buluşmak üzere.</strong></p>



<p><strong></strong><strong>Saygılarımızla</strong></p>



<p><strong></strong><strong>Serhat İlleri Yönetim Kurulu</strong></p>



<p></p>
